mmon divisor of y and i?
7
Let p = 1296 + -990. Suppose -4*q = -4*b - 0*q + 120, -4*b + 148 = 3*q. Calculate the greatest common divisor of p and b.
34
Suppose -4*g = 0, 10*z - 13*z - 5*g + 30 = 0. Calculate the greatest common divisor of z and 50.
10
Let g = 66 - 1. Calculate the highest common factor of 13 and g.
13
Let j = 105 - 113. Let t(b) = b**2 - 15*b - 2. Let o be t(j). What is the greatest common factor of o and 26?
26
Suppose -68*k = -61*k - 525. What is the greatest common divisor of 25 and k?
25
Let t(a) = -5*a**2 + 14*a + 28. Let w be t(-12). Let j be w/50*5/(-2). Calculate the greatest common divisor of 43 and j.
43
Let x = 1021 - 692. What is the highest common divisor of 94 and x?
47
Suppose -3*k - 9 + 72 = -3*b, -k = -5*b - 13. Let y = 79 - k. Calculate the greatest common divisor of y and 14.
14
Let g(n) = 2*n + 21*n + 5*n + 1 - 3*n. Let s be g(2). What is the greatest common divisor of s and 17?
17
Let s = 108 - 96. Let k be (24/2 + 0)*1. Calculate the highest common divisor of s and k.
12
Let f(z) = -2*z - 1. Let b(v) = -v**3 + 2*v**2 - 2*v + 1. Let a be b(2). Let o be f(a). Let k = 7 - -13. What is the greatest common factor of o and k?
5
Suppose 784 = 24*z - 20*z. Let a = -66 + z. Calculate the greatest common divisor of a and 26.
26
Suppose 4*s - 4*c - 968 = 0, c + 2*c = 4*s - 966. Let r(w) = 36*w + 339. Let z be r(-9). Calculate the highest common factor of s and z.
15
Let t = 1023 - 975. Suppose p - 2 = 4. What is the highest common factor of p and t?
6
Let h(t) = -t**3 + 9*t**2 + 11*t - 2. Let r be h(10). Let d be 24*(2 - 12/r). Let j = -104 + 200. Calculate the greatest common factor of d and j.
12
Let b be 4 - -22 - (1 + 3) - -4. Calculate the greatest common divisor of b and 533.
13
Suppose -2*j = 5*a - 47, -5*j - a = 3*a - 143. Let g = j + 26. Let l = g - 29. Calculate the greatest common divisor of 42 and l.
14
Suppose -45 + 286 = l + 4*j, 0 = 5*l - 3*j - 1090. Calculate the highest common divisor of 17 and l.
17
Suppose 14*r - 936 = r. Let s = -30 - -10. Let j be 5/s - (-33)/4. Calculate the highest common factor of j and r.
8
Suppose 150 = 6*g - 11*g. Let o be 18/36 + g/(-4). Let z = 7 - -1. What is the greatest common divisor of o and z?
8
Let x be (16/8)/((-4)/(-18)). Let t(n) = 5*n + 73. Let j be t(-14). Calculate the highest common divisor of j and x.
3
Let w be ((-12)/(-10))/(7/420). Calculate the highest common factor of w and 96.
24
Let o = 935 + -803. What is the highest common factor of 462 and o?
66
Suppose -3*s + 12 = o - 0*o, -2*s = 4*o - 28. Let l be (-1)/(-2) - ((-15)/o + -2). Calculate the greatest common divisor of l and 1.
1
Let m = -11 - -16. Suppose 5 = 3*d + m*g, -9 = -5*d - 5*g + 6. Let k(n) = -n**2 + 5*n + 4. Let t be k(d). Calculate the highest common divisor of 10 and t.
2
Suppose -x + 770 = 4*x. Let q be 1*(-6)/9*18. Let n be (-6 + 2)/q*42. Calculate the greatest common divisor of x and n.
14
Let q be (-2)/(6/3) + 7*15. Suppose -2*j + j + 4*w = -q, 5*w - 140 = -j. Calculate the greatest common divisor of j and 48.
24
Let p = -1 + 16. Let m = -36 + 56. Let y = m + -15. What is the highest common factor of y and p?
5
Suppose 1292 = 83*o - 64*o. Calculate the highest common factor of 663 and o.
17
Let t = 45 - 111. Let f be (-65)/(-6) - 11/t. Let j = 286 - 165. What is the highest common factor of j and f?
11
Let w = 51 - 27. Let m(y) be the first derivative of -y**3/3 - 4*y**2 + 16*y + 12. Let z be m(-8). What is the greatest common factor of z and w?
8
Let k be (-6)/(-57) + 2496/114. Calculate the greatest common factor of k and 506.
22
Suppose -5*a + 185 + 1603 = -3*k, -716 = -2*a + k. Suppose 2*q = -q + a. Calculate the highest common factor of 24 and q.
24
Suppose -28 = -2*a + 4*n, -4*a - n + 82 = 4*n. Let w be 0 + (-7)/((-7)/a). What is the highest common factor of 72 and w?
18
Let r be (-66)/2 + (-15 - -13). Let f be (-1 - r)/(-1 + 3). What is the highest common factor of f and 187?
17
Let q be 20/2*1/5. Suppose 111 = c - 5*b, c + b - 349 = -q*c. What is the highest common divisor of c and 29?
29
Let w be (0 + 1)/(7/105). Let d(z) = 5*z - 10. Let f be d(7). What is the greatest common factor of w and f?
5
Suppose y - 2*p - 22 = 0, -5*y - 4*p + 6*p + 78 = 0. Suppose -2*t + y = 4. Suppose 72 = t*r - r. What is the greatest common divisor of 18 and r?
18
Suppose 0 = -4*v - 1 + 17, 5*v = 4*d + 12. Suppose 8*k = 3*k. Suppose -c - 62 = -5*i - d*c, k = 4*i - 5*c - 38. Calculate the greatest common factor of 8 and i.
4
Let z be (-156)/(-36)*(0 + 3). Suppose 0 = -5*s + 23 - z. Suppose 2*m + s*m - 36 = 0. What is the greatest common divisor of 99 and m?
9
Let g = -60 + 159. What is the highest common divisor of 27 and g?
9
Suppose -12362 = -5*o + d - 13*d, 0 = -2*o + 3*d + 4937. Calculate the greatest common divisor of 13 and o.
13
Let o be (258/(-12) + 5)/((-1)/8). Suppose 2*j - 6*j + 48 = 0. Calculate the greatest common divisor of o and j.
12
Suppose 270 = 30*k - 21*k. What is the highest common factor of k and 70?
10
Suppose 10*s = 10200 - 2800. Suppose 4*u + s = 2*d + 64, 0 = 2*d + 5*u - 694. What is the highest common factor of d and 38?
38
Let w = -4 - -10. Suppose w = 5*y - 4*y. What is the greatest common divisor of 9 and y?
3
Let a be (-2)/13 - (-460)/(-52). Let g = a + 13. Suppose -g*w = -36 + 4. What is the greatest common factor of 1 and w?
1
Suppose 0 = 2*o + r - 42, 2*o - 2*r = -6*r + 42. Calculate the highest common factor of o and 7.
7
Let i = -1957 - -1974. Calculate the highest common divisor of i and 221.
17
Let s = 905 + -812. Calculate the greatest common divisor of 31 and s.
31
Suppose 390*i - 20 = 388*i. Let l(q) = 8*q**2 - 2. Let c be l(-3). Calculate the greatest common factor of c and i.
10
Let o(h) = -h**3 + 34*h**2 - 140*h - 61. Let v be o(29). What is the greatest common factor of 60 and v?
12
Let i(y) = -y**3 - 6*y**2 + 7*y. Let z be i(-7). Suppose -2*x + 28 = -z*x. Let u be 417/12 - 2/(-8). Calculate the highest common factor of u and x.
7
Let z be 1/2 + 154/4. Calculate the greatest common factor of z and 429.
39
Let p = -110 + 214. Let n(l) = l - 3. Let j be n(8). Suppose -3*a - 19 - 42 = -4*x, -2*x + j*a = -41. Calculate the greatest common factor of x and p.
13
Suppose 30*j - 634 = 626. Calculate the greatest common factor of j and 48.
6
Let l be 3015/225 + (-14)/10 + 1. Let g be 29/5 + (-2)/(-10). Let x be ((-286)/g)/(1/(-3)). Calculate the highest common divisor of l and x.
13
Let p be 6/9*(-162)/(-12). What is the highest common factor of 117 and p?
9
Let p = -21 + -9. Let t = 45 + p. Calculate the greatest common divisor of t and 3.
3
Let n(d) = 48*d - 5. Let r be n(4). Let z = 262 - r. Calculate the highest common factor of z and 30.
15
Let b be (-7)/(14/4) + 4. Let v = b + 5. Calculate the highest common factor of v and 28.
7
Let d(l) = 71*l**2 - 32*l + 154. Let z be d(5). Calculate the greatest common divisor of 58 and z.
29
Suppose 20 = -5*b, -d + 3*d - 48 = -4*b. What is the greatest common divisor of 2 and d?
2
Let v(s) = s - 4. Let q be v(8). Let d(j) = -2 - 3*j + 13*j**3 - q*j**2 + 0*j**2 - 8*j**3. Let y be d(3). Calculate the greatest common factor of y and 11.
11
Suppose -5*h + 11 = -4. Suppose 2*t - y - 105 = 2*y, h*t + 2*y = 177. Calculate the highest common factor of t and 38.
19
Let k be 1364/88*(1 + (-2)/(-2)). Calculate the greatest common divisor of k and 341.
31
Let f be 8/(-18) - 1910/(-45). What is the highest common factor of 12 and f?
6
Suppose 9 = -3*q - 0. Let j(k) = 3 - 3 + 7 - 21*k. Let w be j(q). What is the highest common factor of 10 and w?
10
Let c(g) = 3*g + 1. Let m(a) = -a**2 + 8*a - 6. Let s be m(5). Let h be c(s). Suppose 2*y = -3*y + 35. What is the highest common divisor of y and h?
7
Let g = -1 - -3. Suppose -3*w - g*w + 375 = 0. What is the highest common divisor of 15 and w?
15
Let t(g) = -g**2 + 11*g + 6. Let c be t(3). Let l = 808 + -568. Calculate the greatest common factor of l and c.
30
Suppose 10*n - 4*m - 58 = 7*n, 3*m = n - 16. Calculate the greatest common divisor of 374 and n.
22
Let j(r) = -22*r - 26. Let a be j(-4). What is the highest common divisor of 682 and a?
62
Suppose 25 = 5*r - 50. Suppose -52*i + 140*i = 14520. Calculate the highest common divisor of r and i.
15
Suppose 5*y + 1 - 66 = 0.